 Let i be g(22). Let w = 264 - i. Calculate the remainder when 34 is divided by w.
7
Let m(j) = 5*j**2 + 3*j + 2. Let s be m(-3). Suppose 4*b = -5*r + 242, r + 5*b - 30 = 31. Suppose -s = -6*y + r. What is the remainder when 53 is divided by y?
11
Suppose 0 = -4*m + 709 + 211. Calculate the remainder when m is divided by (21/(-35) - 258/(-180)) + (-453)/(-18).
22
Let n = -338 - -341. Let b(k) = -9*k + 36. Calculate the remainder when 348 is divided by b(n).
6
Suppose 25*t = -57*t + 3526. What is the remainder when t is divided by 9?
7
Suppose -4*b - 4*q = 0, 2*b = -2*q + 6*q + 24. Let m = -214 + 126. Calculate the remainder when m/(-8) + (-1 - 0)/1 is divided by b.
2
Suppose 31*f = 26*f + 595. Let q be 4/8 + (-255)/(-6). What is the remainder when f is divided by (q - 0 - 3)/1?
39
Let g(w) = w**3 + 53*w**2 - 111*w + 71. Calculate the remainder when 191 is divided by g(-55).
65
Let h be (-65270)/(-12) - (-7)/(-42). Suppose -46*u + h = -31729. What is the remainder when u is divided by 54?
52
Suppose -d + 21 = -0*d. Let j be (8/(-6))/((-14)/(-1281)). Calculate the remainder when (j/(-4))/(1/2) is divided by d.
19
Suppose -5*j = 187 - 642. Suppose 27*f - j = 20*f. Calculate the remainder when -1 - -2 - (-52 + 2) is divided by f.
12
Suppose 66876 = -104*k + 326*k + 24030. Calculate the remainder when 193 is divided by k.
0
Suppose -20 = -5*u + 95. Let t(m) = 3*m - 67. Let x be t(u). Calculate the remainder when ((-126)/(3/1))/(x/(-10)) is divided by 53.
51
Let r(h) = -20*h - 528. Calculate the remainder when r(-41) is divided by 58.
2
Let r(y) = y**3 - 4*y**2 - 8*y + 1. Let u = -508 + 698. Calculate the remainder when r(6) is divided by u/20 + (-3)/6.
7
Let c(t) = -t**3 + 11*t**2 - 20*t + 18. Let a be c(9). Suppose 2*q + 3*m - 76 - 8 = a, 4*q - 168 = 2*m. What is the remainder when 116 is divided by q?
32
Let d = -27 - -38. Suppose 0 = -d*p + 538 + 331. Calculate the remainder when p is divided by 10.
9
Calculate the remainder when 615 is divided by ((-2508)/304)/((-6)/32).
43
Suppose 4*n - 66 = 4*o + 2*n, -20 = 4*n. Let f = o + 118. Calculate the remainder when 691 is divided by f.
97
Let s(u) = -u**2 + 15*u - 31. Let g be ((-150)/1)/(5/((-30)/9)). Suppose 0 = -3*h - 7*h + g. Calculate the remainder when 29 is divided by s(h).
10
Suppose 4 = 16*v - 288 - 492. What is the remainder when 1467 is divided by v?
46
Suppose -3*t - 2*b = -64, -5*t = 5*b - 97 - 18. Let g(w) = -w**2 + 139*w - 4589. What is the remainder when t is divided by g(85)?
0
Let z be 5 + 49/(-7) + 1319. Suppose 0 = -5*v - 4*u + z, -u + 2*u + 267 = v. Calculate the remainder when v is divided by 7.
6
Suppose 57 = 2*p + 5*q, -431*p + 434*p - 63 = -3*q. Calculate the remainder when 3434 is divided by p.
10
Suppose -2*l + 6*j = 2*j - 10, 0 = 3*l + j - 1. Let o be l*-1 + -1*(0 + 5). Let w(y) = -y + 10. What is the remainder when 28 is divided by w(o)?
12
What is the remainder when 1702 is divided by (-22 - -32) + (-180)/(-4)?
52
Let z(l) = -l**3 - 12*l**2 - 7*l - 4. Let j be z(-6). Let r = -155 - j. Calculate the remainder when 109 is divided by r.
17
Let q(m) = -6*m**2 - 8 - 5*m + 10*m + 6*m + 3*m**3 - 2*m**3. What is the remainder when 82 is divided by q(5)?
16
Let s(w) = w**2 + 14*w - 49. Let f be s(-17). Suppose 5*y - 250 = -3*o, f*y + 0*o - 91 = -3*o. What is the remainder when y is divided by 47?
6
Let l be 18/(3 + -1) - 5. Suppose -2*n + 2*m + 50 = 0, 2*n + l*m + 71 = 5*n. What is the remainder when n is divided by 10?
9
Let g = -24960 - -25154. What is the remainder when 785 is divided by g?
9
Suppose 7*x + 17 = 10. What is the remainder when 11 is divided by (-6)/(168/(-91)) - x/(-4)?
2
Let c(a) = 24*a + 304. Calculate the remainder when 151 is divided by c(-7).
15
Let y(f) = f**2 + 80*f + 796. Let h(a) = -2*a**3 - 7*a**2 - 6*a + 3. Let n be (-9 - 1)*(-1)/(-2). What is the remainder when h(n) is divided by y(-11)?
34
Let u = 62 + -73. Let f = u - -6. Calculate the remainder when 47 is divided by ((-180)/(-75))/((-2)/f).
5
Suppose -4*h + 5*y + 241 = 0, -5*h + 5 + 250 = 3*y. Suppose -3*o + 6*o - h = 0. What is the remainder when 17 is divided by ((-2)/2)/(16/o - 1)?
8
Suppose 85*h - 117*h = -53632. Calculate the remainder when h is divided by 3.
2
Suppose -46*n + 83 + 607 = 0. Calculate the remainder when 344 is divided by n.
14
Suppose 0 = -w + 3*c + 6, -4 = 5*w + 2*c - 0. Suppose 5*n + 3*u - 170 = 8*u, w = -u + 5. What is the remainder when 116 is divided by n?
38
Suppose -4*a + 10 = 2*t - 590, -5*a - 618 = -2*t. Calculate the remainder when 345 is divided by t.
41
Let c be 616/18 + 2/(-9). Suppose 0 = y + c - 28. Let h(b) = -b**3 - 7*b**2 - 14*b + 1. What is the remainder when h(y) is divided by 19?
11
Let u(m) = -6*m + 8. Let t(i) = 7*i - 8. Let f(w) = 4*t(w) + 5*u(w). Let v be 0*(-2)/1*(-8)/(-32). Calculate the remainder when 45 is divided by f(v).
5
Suppose 1 = 2*i - 13. Let p be 1/(21/12)*i. Suppose p*m = 8*m - 164. Calculate the remainder when m is divided by 16.
9
Let a(w) = -43*w - 462. Let v(l) = 3*l**2 + 4*l + 3. Calculate the remainder when v(5) is divided by a(-11).
10
Let v be (-15)/75 + 2/10. Suppose 3*c + 8 - 47 = v. Calculate the remainder when (4/16)/((-12)/(-1104)) is divided by c.
10
Suppose 6*v = 14*v + 5*v. Calculate the remainder when 37 is divided by 23 + v + (-3 - 1).
18
Suppose 14*l + 4*b = 9*l + 3479, 0 = 2*l - 2*b - 1388. Calculate the remainder when l is divided by 81.
47
Suppose 3*y - 4*j - 1 = -2*j, 5*y = -4*j - 35. Let d be (-2)/y*36/8. Suppose 34 = 2*f + 3*u - u, 3*u + d = 0. Calculate the remainder when f is divided by 7.
4
Suppose -7 = -a + 8. Calculate the remainder when 39/(-65) + 84/a - -443 is divided by 11.
8
Let u = -82 - -147. Let p(x) = -559*x**3 - 3*x**2 + 3*x + 4. Let a be p(-1). Suppose -438 = 7*y - a. Calculate the remainder when u is divided by y.
14
Suppose -15145*s + 248 = -15021*s. Let k = -2 - -2. Let j(r) = -r + 4. Calculate the remainder when j(k) is divided by s.
0
Suppose -47729 - 165578 - 184961 = -3404*w. Let q = 129 + -79. Calculate the remainder when w is divided by q.
17
Suppose -50*s = 5*h - 46*s - 11244, 2*s - 15738 = -7*h. What is the remainder when h is divided by 327?
286
Suppose -m = 5*o - 1170 - 237, -5*m = -2*o - 7143. What is the remainder when m is divided by 34?
33
Let o = 32 + -23. Suppose o*x = x + 16. What is the remainder when (-36)/21 + x + 813/21 is divided by 10?
9
Suppose 224*k - 3499 = -5*t + 225*k, 0 = 4*t + 5*k - 2834. Calculate the remainder when t is divided by 90.
71
Let k(m) = -408*m - 1513. What is the remainder when 239 is divided by k(-4)?
1
Suppose 11*q = 8*q. Let n(i) = 5*i**3 - i - 6 + i**3 + q*i + 8*i**2 - 5*i**3. Calculate the remainder when 13 is divided by n(-8).
1
Let s(c) = c**2 - 29*c + 33. Let q be s(28). Suppose 29 = b - q*p, 10*p - 84 = -2*b + 7*p. Calculate the remainder when b is divided by 18.
3
Let q(c) = -9 + 18*c - 14 + 60 + c**3 + 9*c**2. Let u = 78 - -69. What is the remainder when u is divided by q(-6)?
36
Let g(k) = k**3 - 37*k**2 - 74*k - 143. What is the remainder when 23762 is divided by g(39)?
11
Let v = 121 - 81. Suppose f + 34 - v = 0. Let a(k) = 3*k + 10. Calculate the remainder when a(8) is divided by f.
4
Let u(g) = -96*g - 537. What is the remainder when 1713 is divided by u(-6)?
36
Let k(v) = -v - 8. Let p be k(-10). Suppose -p*r + 13 - 11 = 0. Let z(a) = 114*a**2 - a. What is the remainder when z(r) is divided by 29?
26
Let w(p) = -544*p - 787. Calculate the remainder when w(-6) is divided by 5.
2
Let c = 104 - 92. Suppose -c*g + 13*g - 38 = 0. Calculate the remainder when 263 is divided by g.
35
Let m = 9 - 4. Let k(i) = -48*i - 1278. Calculate the remainder when k(-27) is divided by m.
3
Let u = -7181 - -7417. What is the remainder when 929 is divided by u?
221
Let c = -39 + 84. Let m(d) = -18*d + 175. Suppose -22*h + 24*h = 18. Calculate the remainder when c is divided by m(h).
6
Let l(m) = -m**3 + 6*m**2 - m + 11. Let q be l(6). Suppose -5*o = -5*k - 35, 4*k - 3*k - 5 = q*o. Calculate the remainder when 8/(-20) - 34/k is divided by 2.
1
Let u(r) = -5*r**3 - 11*r**2 + 56*r + 262. What is the remainder when u(-6) is divided by 290?
30
Let k = -143 - -151. Suppose -j = 5*l - 49 + 1, k = l + j. What is the remainder when 68 is divided by l?
8
Let s =